w(-54). Let z(h) = -h**2 - 5*h + 24. What is z(j)?
0
Let x(y) = y**3 + 5*y**2 + 5*y - 1. Let i = -98 - -124. Suppose -i*d - 127 = -23. Give x(d).
-5
Let f(z) = -z**2 + 13*z - 47. Let y = -774 - -782. Calculate f(y).
-7
Suppose 4 - 4 = -2*g. Suppose g = n + 4*n. Let m be 4/(-4) + (n - -2 - 4). Let b(t) = t**2 + t - 1. Determine b(m).
5
Let f(p) = -8 + 15 + 3*p - 3 + 11 - 4*p**3 - 10. Determine f(-2).
31
Suppose -24 = -3*q + 5*v, -4*v + 13 = 2*q - 25. Let a(u) = -9*u + 34*u - 13*u - q*u + 2. Calculate a(6).
-4
Let u(f) = -f**3 - 3*f + 6*f + 8*f**2 - 2*f - 7. Let k = 414 + -785. Let p = 379 + k. Determine u(p).
1
Let w = -5 + 7. Suppose -o + 5 = w. Let s(b) = 82 - 169 + 7*b**2 + 85 - 8*b**2 + 4*b. Determine s(o).
1
Let d(u) = 5*u + 167. Suppose -20 = 5*f, 0 = -2*g - f + 4*f - 56. Give d(g).
-3
Suppose -3*b = -5*b + 2. Let j = 9 - 3. Let h(g) = -996 + 996 + j*g. Calculate h(b).
6
Let h(s) = 187*s - 90. Let r(a) = -17*a - 2. Let z(p) = -h(p) - 10*r(p). Determine z(6).
8
Let x(b) = -11*b + 18*b + 4*b**2 + 3 - 10*b + 17*b**3 - 16*b**3 - b**2. Determine x(3).
48
Let t(i) be the first derivative of 0*i**2 + 16 + 4*i + 1/3*i**3. Determine t(-5).
29
Let f(d) = 2 + 0*d**2 + 2 + d**2 - 4*d - 2*d. Suppose -528*j - 70 = -538*j. Give f(j).
11
Let f be (-22)/(-99) - (-156)/27. Let j(q) = -f*q - 9*q - 2 + 19*q + 0. What is j(1)?
2
Let l(x) be the third derivative of x**5/60 - x**4/3 - 7*x**3/6 + 38*x**2. Let y(h) = -h**3 + 26*h**2 - h + 35. Let m be y(26). Calculate l(m).
2
Let s(f) = -7330*f + 2447*f - 2*f**2 + 13 + 2448*f + 2440*f. What is s(-2)?
-5
Let v(n) be the third derivative of n**4/24 + 8*n**3 - 14*n**2 - 17. What is v(-7)?
41
Let s = 5 - 10. Let r(b) = -b**2 - 11*b. Suppose 2*z = n + 3*n + 6, 2*n = -z - 13. Let o(i) = -i**2 - 10*i. Let m(f) = z*r(f) + 6*o(f). Give m(s).
0
Let l be 28 + (-4 - 1) + 1. Suppose 6*c = 12*c - l. Let v(z) = z**3 - 4*z**2 + 2*z + 1. Give v(c).
9
Suppose -13*t - 905 = 395. Let q = -96 - t. Let m(g) = 6 - 9*g + q*g + 0*g + g. What is m(6)?
-18
Let s = -663 - -659. Let q be (15 + -17)/(s/(-6)). Let a(d) = -2*d + 4. Calculate a(q).
10
Let b(f) = 4*f + 106. Let i be b(-26). Suppose 25 = -i*s + 7*s. Let v(m) = m**3 - 6*m**2 + 6*m - 2. What is v(s)?
3
Let h(i) = -531 - 449 + 1261 + 7*i - 527. Give h(34).
-8
Let v(n) = -43*n**2 + 17*n + 11. Let m(r) = -11*r**2 + 2*r + 2. Let w(x) = -4*m(x) + v(x). Determine w(-6).
-15
Suppose -3*v = -5*v - 4. Let i be v + 9/((-18)/(-8)). Let s(n) = -2 + 4 - 3 + n. What is s(i)?
1
Let z(k) be the first derivative of k**5/60 + k**4/8 + k**3/3 + 5*k**2/2 + 64. Let w(g) be the third derivative of z(g). Let y = -13 - -7. Calculate w(y).
-9
Let l(r) = -3242*r**2 + 12*r + 22 - 1 + 3245*r**2 + 19 - r**3 - 11. Determine l(6).
-7
Suppose -19*b = -18*b + 40. Let n = 38 + b. Let a(f) be the first derivative of -3*f**4/4 + f**3/3 - f**2/2 - 2*f + 123. Calculate a(n).
28
Let f(p) = 7*p**3 - 5*p**2 + 5*p + 2. Let c(j) = 3*j**3 - 3*j**2 + 3*j + 1. Let k(v) = 5*c(v) - 2*f(v). Let b = 5 - 1. What is k(b)?
5
Let t(w) = -9*w**2 + 11*w - 11. Let k be t(1). Let q be (-2 - 3/k)*(-3)/1. Let r(i) = -i**2 + 2*i + 2. Determine r(q).
-13
Suppose 876*h = 438*h + 477*h - 1443. Let d(w) = 2*w**2 - 73*w - 37. What is d(h)?
0
Let o(p) be the second derivative of -p**5/20 + 2*p**4/3 - 3*p**3 + 6*p**2 + 2779*p. Calculate o(7).
-65
Let o be ((-25 - -35)/(55/77))/(0 + 2). Let n(x) be the first derivative of -x**3/3 + 3*x**2 + 3*x + 1. Determine n(o).
-4
Let u(h) = 2*h**2 - 42*h + 42. Let d be u(20). Suppose 5*l - 317 = -d*x, -l + 4*l = -4*x + 179. Let g(w) = -l + 40 + 33 + 7*w - w**2. Determine g(8).
0
Let i(j) be the second derivative of 5*j**3/3 - j**2/2 - 30*j - 7. What is i(1)?
9
Let z(m) = m**3 + 7*m**2 - m - 3. Let k(l) be the first derivative of 3*l + 3/2*l**2 - 1/3*l**3 + 27. Let a be k(-2). Give z(a).
4
Let x(t) be the third derivative of 0*t - 1/6*t**4 - 1/15*t**5 - 1/2*t**3 + 32*t**2 - 1/120*t**6 + 0. Give x(-3).
0
Let o(z) be the second derivative of -z**4/12 - 11*z**3/6 + 13*z**2/2 + 857*z. Suppose -4*r + 18 = 66. Calculate o(r).
1
Let z(k) = k**3 - 7*k**2 - 4*k + 9. Suppose 2*q + 5 = -9, 5*w = 2*q + 44. Calculate z(w).
-51
Let i(x) be the third derivative of 0 - 140*x**2 - 1/12*x**4 - 1/6*x**3 + 0*x. Give i(-5).
9
Let z be -1*1 - 0 - 10. Let q be (-7)/2*1992/(-581). Let m = q + z. Let h(s) = -2*s - 1. Give h(m).
-3
Let l(w) = -w - 4. Let t(r) = -r - 5. Let n(y) = -5*l(y) + 4*t(y). Let i = -196 + 199. Suppose 0 = 5*a - s - 25, -5*a + 2*s = -i*s - 45. Calculate n(a).
4
Let i(v) = -172*v - 254*v + 9 + 443*v - 2*v**2. Determine i(9).
0
Let i(j) = 31*j**3 - 4*j**2 + 9*j - 40. Let b(z) = 9*z**3 - 2*z**2 + 3*z - 13. Let s(r) = -7*b(r) + 2*i(r). Give s(5).
21
Suppose 0 = -5*b - 5*h + 5, -3*h - 5 + 2 = 0. Suppose 17 = 3*z + b. Suppose 4*d = z*d - 2. Let t(r) = -r**2 - r + 2. Give t(d).
-4
Let r(b) = -171*b + 10. Let f(a) = 31*a - 2. Let m(p) = -11*f(p) - 2*r(p). Suppose -6*n = -3*n. Suppose n = -d + 4*j - 2 - 11, 5*j = 3*d + 4. Give m(d).
9
Let f(z) = -z**3 - 22*z**2 - 21*z + 1. Let h be f(-21). Suppose -16 = -5*u + 5*l - h, 5*u - 2*l - 21 = 0. Let k(t) = -t**3 + 5*t**2 - 3*t - 5. Determine k(u).
-20
Suppose 2*n - 2*z = 14, -39*n + 40*n - 22 = 4*z. Let r(c) = 2*c**2 + 2*c + 4. Let h(b) = 1. Let k = 5 + -6. Let d(w) = k*r(w) + 3*h(w). Give d(n).
-13
Suppose 4*v - 2*v - 3*r = 319, -3*v + 471 = 3*r. Suppose 0 = -z - v + 152. Let j(d) = -5 + 0 + d + 0 - 1. Give j(z).
-12
Let r(d) be the third derivative of -13*d**5/60 + d**4/4 + d**3 + 1047*d**2 - 2*d. Calculate r(-1).
-13
Let b(n) = n**2 + 9*n + 5. Let z = -41 + 53. Let j be ((-9)/(-6))/(z/272). Suppose -5*w - 36 = g, -5*w - 2*g - j = -3*g. Give b(w).
-9
Let m(w) be the first derivative of -w**3/6 + 6*w**2 + 77*w - 37. Let d(s) be the first derivative of m(s). Give d(7).
5
Suppose 180 = 13*w - 184 + 351. Let t(n) = -4*n + 4*n + 3*n - 6*n**2 - 1. What is t(w)?
-4
Let p(y) = -7*y**2 + 2*y + 4. Let z(t) = -34*t**2 + 10 + 49*t**2 - 31*t**2 + 3*t. Let a(r) = 9*p(r) - 4*z(r). Determine a(-7).
3
Let q(w) = 5*w**3 - 2*w**2 + 2*w + 7. Let g(s) = -11 - 8*s**2 + 0*s**2 - 3*s - 7*s**3 + 11*s**2. Let x(k) = 5*g(k) + 8*q(k). Calculate x(2).
39
Let c(b) = 22*b**2 - 7*b - 9. Let v be c(6). Let u = v + -751. Let f(r) = -r**3 - 9*r**2 + 11*r - 7. What is f(u)?
-17
Let w = -67 - -58. Let s be (480/w)/(-8)*(-12)/8. Let l(r) = r**3 + 10*r**2 - 3*r - 7. What is l(s)?
23
Let v(d) = d**3 - 5*d**2 + 7*d - 6. Suppose 5*n = f + 2, 0 = -f - 5*n + 3 + 5. Suppose k + 12 - 1 = -5*q, -4*k + 25 = -f*q. Give v(k).
6
Let y(p) = p**3 + 33*p**2 - 545*p - 225. Let x be y(-45). Let z(m) = 2*m**2 - 3*m - 56. Determine z(x).
-56
Let j(q) = -3*q**3 - 10*q**2 + q + 39. Let o(f) = -4*f**3 - 12*f**2 - f + 43. Let w(k) = -3*j(k) + 2*o(k). Give w(-5).
19
Let i(z) = 16 + 7 - 24 + 66 + 42 + 2*z. Calculate i(-55).
-3
Let x(n) = n**2 - 7*n + 1. Let f = -22 - 4. Let h = -16 - f. Let k = h - 3. Give x(k).
1
Suppose -c = -2*c + 8. Suppose 409*t - 452*t = -86. Suppose -d + c = -t*s + 4*s, -26 = -5*s - 4*d. Let i(y) = -y**2 - 1. Determine i(s).
-5
Suppose 12*n - 1868 + 272 = 0. Suppose 6*m - 25*m + n = 0. Let a(f) = -2*f - 9. Give a(m).
-23
Let c(m) = -80*m - 560. Let l be c(-7). Let s(a) be the third derivative of l + 0*a - 27*a**2 + 1/60*a**5 + 5/3*a**3 - 5/12*a**4. Give s(9).
1
Let y(h) = 28*h + 3. Let z = -6232 - -6231. Determine y(z).
-25
Let s be 31/4 - 7 - ((-27)/18 + 2). Let k(r) be the first derivative of 8*r - 7/3*r**3 + 2*r**2 + 31 + s*r**4. What is k(6)?
-4
Let h(x) = x**3 - x - 5. Let d(v) = -3*v**2 + 10*v + 27. Let j be d(5). Let k = 25 - 14. Suppose j*t + k*t = 0. Calculate h(t).
-5
Let n = 880 - 880. Let j(k) = 21 - 6 - 6 + k - k**3. Determine j(n).
9
Let l(i) = i**3 - 5*i**2 + 2*i + 6. Suppose -2*s - 211 = -271. Suppose 48*z = 42*z + s. Calculate l(z).
16
Suppose 0 = 6*g + 24*g + 2*g - 384. Let s(k) be the first derivative of -3/2*k**2 - k - g. What is s(-4)?
11
Let i(j) = 8*j**2 - 79*j + 12. Let x(z) = -11*z**2 + 91*z - 11. Let d(n) = 5*i(n) + 4*x(n). What is d(-8)?
8
Let y(q) = -q**3 + 6 - 4*q - 31*q**2 + 4*q + 26*q**2. Let h be y(-5). Let l(p) = 12*p**2 - p**3 - p + 8 - 11*p**2 + h. Determine l(0).
14
Let o be 408 - (8/16 - 18/(-4)). Let y = -406 + o. Let v(a) be the third derivative of a**4/24 - 2*a**3/3 + a**2. 